 = -5*w + t. Let n = 101 - w. What is the units digit of n?
8
Let z = 1080 + 826. What is the units digit of z?
6
Let r be ((-12)/(-28))/1 + (-31)/7. Let g(t) = -25*t + 6. What is the hundreds digit of g(r)?
1
Let r(n) be the second derivative of n**3/2 - n**2/2 + 4*n. Let l be r(-3). What is the tens digit of (-1)/(-4)*l*-6?
1
Let m(r) be the first derivative of 2*r**3/3 - 19*r**2/2 + 12*r + 1. Suppose -339 = -31*y + 33. What is the tens digit of m(y)?
7
Suppose 82 = -v + 4*v - x, 3*x = v - 30. Suppose u - 22 - v = 0. Suppose -35 - u = -6*t. What is the tens digit of t?
1
What is the tens digit of ((-1054)/(-85))/((4/320)/1)?
9
Let g(j) = j**2 + 10*j - 7. Let w be g(-11). Suppose 2 = -2*i - r, w*i - i + 17 = 2*r. What is the units digit of 2/i + 184/24?
7
What is the hundreds digit of 6/9*((-8685)/(-6))/5?
1
Let f = -174 - -162. Suppose 2*w = 4*r + 48 + 548, -429 = 3*r + 3*w. What is the units digit of r/f - (-1)/(-4)?
2
Let h = 604 + -409. What is the tens digit of h?
9
Let j = 136 - -107. Suppose 0*r - j = -2*r - q, q = 3. What is the tens digit of r?
2
Let b(l) = 3*l**2 - 27*l + 43. What is the units digit of b(23)?
9
Let d(s) = 4*s + 13. Let y be d(-17). Let n = 70 + y. What is the tens digit of n?
1
Suppose -4*l = r - 4865, 0 = -r + 4*l + 883 + 4006. What is the hundreds digit of r?
8
Suppose 4*c - 4*b = 1700 + 1140, -b = 0. What is the units digit of c?
0
Suppose -5*p - 5 = -30. Suppose 4*m - 695 = -p*r, r = 2*r - m - 139. What is the tens digit of r?
3
Let r(b) = -b**2 + 52. Suppose 0 = -3*d + 2*s + 4, 6 = 2*d - 5*s + 2*s. What is the units digit of r(d)?
2
Suppose -2*f + 508 = 4*a, 3*a + 998 = 4*f + 2*a. Suppose 6*k - f = k. What is the units digit of k?
0
Let a be ((-3)/6)/((-3)/36). Let n = 15 - a. What is the tens digit of n + 4/10*5?
1
Let l(m) = m**3 + m**2. Let z be l(1). Suppose 0 = z*j + 3*s - 217, -s = 3 - 2. What is the units digit of j?
0
What is the tens digit of (-2564)/(-16) - 18/(-24)?
6
Suppose -2*r = 3*a - 0*r - 5, 4*a - 2*r - 16 = 0. Suppose -3*c + 3 = -g, -a*g = -7*c + 2*c - 7. What is the units digit of g?
9
What is the hundreds digit of 1425/4 - 54/(-72)?
3
Suppose -471 = -2*f + 3*r, -2*r = -f + 5*f - 918. Suppose -5*c = -3*m - 2*c + f, -2*m = -5*c - 151. What is the units digit of m?
8
Let q = 7 + -28. Let c = q + 26. Suppose -p - 3*x = -12, 2*x + x = c*p - 24. What is the units digit of p?
6
Let q be (-4)/(-10) - 34/10. What is the tens digit of (-3)/(q/94) - -2?
9
Let h(w) = 15*w + 1. Let r(l) = -l**3 + 14*l**2 - 12*l - 10. Let n be r(13). Suppose 8 = c + n. What is the tens digit of h(c)?
7
Suppose -4*u - 25 = -9*u. Suppose -4*d = -5*w - 41, 3*d - u*w = 5*d + 17. Suppose 2*v = 4*o + o - 44, d*v = -3*o + 42. What is the tens digit of o?
1
Let v(w) = -11*w - 1. Let p be v(-1). Let r(z) = z**3 - 10*z**2 + z - 8. Let n be r(p). Suppose -2*s + 40 = 5*t, 0 = 2*t + 6 + n. What is the tens digit of s?
3
Suppose -309 = -20*r + 17*r. Let o = r + -35. Suppose -7*k + o = -93. What is the tens digit of k?
2
Let v(n) = 18*n**2 - 19*n - 5. What is the units digit of v(-3)?
4
Let u(r) = -r**2 + 22*r + 60. Suppose -2*t - 4*y + 37 + 15 = 0, -2*t - 3*y + 48 = 0. What is the units digit of u(t)?
2
Let k = -5 + -4. Let y(m) be the third derivative of -m**4/8 - m**3/6 + m**2. What is the tens digit of y(k)?
2
Let u = 81 + 663. Suppose -4*y - u = -12*y. What is the units digit of y?
3
What is the units digit of (3 - 7)*-1 - -8?
2
Let b(g) = 2*g**2 + 3 - 3*g**2 + 9*g - 12. Let d be b(7). Suppose d*i = 42 + 53. What is the units digit of i?
9
Suppose -4*d = 5*h - 1043, -5*d + 3*h = -2*h - 1270. Let q = d - 175. What is the units digit of q?
2
Let j be (-12)/4 - (-11 + 1). Let c = j - 4. Suppose -2*k - 5*t = -c*t - 26, 3*k - 67 = 4*t. What is the tens digit of k?
1
Suppose 0 = -0*m - 4*m + v + 31, -m + 3*v - 6 = 0. Let r = -15 + m. Let h(x) = x**3 + 7*x**2 + 4*x - 1. What is the units digit of h(r)?
1
Let k = 32 + 423. What is the units digit of k?
5
What is the tens digit of 3/15 - (-33070)/25?
2
Suppose -183*n + 42192 = -147*n. What is the thousands digit of n?
1
Let p be 18/14 + 2/(-7). Let w = 275 + -266. Let n = w + p. What is the tens digit of n?
1
What is the hundreds digit of ((265452/(-30))/(-22))/((-2)/(-10))?
0
What is the hundreds digit of (2992/(-6))/((-40)/60)?
7
Suppose -45 = -5*v + 2*v. Suppose v*r - 20*r + 90 = 0. What is the units digit of r?
8
What is the hundreds digit of (-2*(-111)/(-18))/(3/(-117))?
4
Let r(s) = s**2 + 8*s - 14. Let z be r(-10). Let k = -1 + z. Suppose 2*u - k = 5*g, u + 2*g - 3*g - 10 = 0. What is the units digit of u?
5
Suppose -l + 13 = b, 0 = -b + 2*b + 5*l + 3. Let g(w) = -w**3 + 7*w**2 - 9*w + 6. Let t be g(6). Let c = t + b. What is the units digit of c?
5
Suppose 140 = -4*a - 68. What is the tens digit of ((-8)/16)/(2/a)?
1
Let f(x) = 29*x. Let k be 6/2 + 6 + -7. Let j be f(k). Let d = j - 34. What is the units digit of d?
4
Let i = 18 + -14. Suppose -2*c - 34 = -i*c. What is the units digit of c?
7
Let g(h) = h**3 + 9*h**2 - 18*h + 6. Let s be g(-8). What is the tens digit of (0 - -1)/(-2 + s/106)?
5
Let i(g) = -166*g**3 + 2*g**2 - g - 2. What is the hundreds digit of i(-1)?
1
Suppose -5*n - 2*b + 10370 = 0, 5*n + 4*b + 5998 - 16378 = 0. What is the hundreds digit of n?
0
Suppose -5*a + 12 - 2 = 0. Suppose -a*k + 93 = -47. What is the units digit of k?
0
Let t = -98 + 99. Suppose c + 20 = 5*c. What is the units digit of 60/(-3 + c) - t?
9
Suppose -4 = 5*k - 14. Let d(a) = -a**3 - 2*a**k + 1 - 1 - 6*a + 12*a**2 - 10. What is the tens digit of d(9)?
1
What is the units digit of 416/14 + -7 + (-153)/(-21)?
0
Suppose -1325 = -5*t + 5. Suppose -3*m - 3 = 0, 0 = 3*k - 2*m - 3*m - t. Let g = k + -56. What is the tens digit of g?
3
Let u(t) = t**2 + 9*t + 9. Suppose -5*n - 19 - 21 = 0. Let o be u(n). Let g(q) = 20*q**3 - 2*q + 1. What is the tens digit of g(o)?
1
Let g = 5 - -1. What is the units digit of (2 - g - -3)*-1?
1
Let n(w) = w**3 - 6*w**2 + 4*w. Let h be n(5). What is the tens digit of 2 + 56 - (-7 - h)?
6
Suppose 0 = 4*w - 132 - 196. Suppose 3*v + 0*i + 113 = -2*i, -2*v = 3*i + w. What is the units digit of (160/(-112))/(1/v)?
0
Let j = -7 - -18. Let l(g) = -g**3 + 13*g**2 - 15*g + 21. What is the tens digit of l(j)?
9
Let k be ((-19)/(-57))/(2/78). Suppose -5*z + 2*v + 52 = 0, 3*z - 2*z - 3*v = k. What is the units digit of z?
0
What is the units digit of (16 - -3 - 1)/(-1 + 3)?
9
Let o = -1579 - -5511. What is the units digit of o?
2
Let g = -20 + 59. Suppose g*z + 156 = 35*z. What is the units digit of z/(-1) + -9 + 10?
0
Let v be (4 - 1)/3 + 1. Suppose -372 = -v*t + 82. Suppose -39 + t = 4*x. What is the units digit of x?
7
Suppose 27*g = -17*g + 130240. What is the hundreds digit of g?
9
Let n(i) = -i**3 - 35*i**2 + 37*i + 75. What is the units digit of n(-36)?
9
Let n be 2 + (-9)/(-3) + 20. Let j = n - 21. Suppose 2*k = -5*y + j*k + 67, 5*y = -k + 64. What is the tens digit of y?
1
Suppose 0 = -54*t - 21*t + 457950. What is the units digit of t?
6
Let i = 863 - -1. Suppose 30*z - i = 24*z. What is the tens digit of z?
4
Let a(b) be the second derivative of -b**5/5 - b**4/2 - b**3/3 + 2*b**2 + 24*b. What is the hundreds digit of a(-4)?
1
Let l = 1574 - 759. What is the hundreds digit of l?
8
Let r = 3980 + -2453. What is the units digit of r?
7
Suppose -3*a - 59 = -17. Let x = 18 + a. Suppose h + x*h = g - 27, 3*g - 2*h - 81 = 0. What is the units digit of g?
7
Let g = -1 - -6. Suppose -2*i + 52 = -0. Suppose -g*q + 14 = 2*c, -i = -2*c + 2*q - q. What is the tens digit of c?
1
Suppose v + 44 = -3*z, 4*v + 71 = -6*z + z. Let m = z - -15. Suppose m*d = 5*d - 55. What is the units digit of d?
1
Let u(i) = 71*i + 17. What is the tens digit of u(10)?
2
Let t(a) = -a**2 - 1. Let g(i) = 4*i**2 - 3*i + 26. Let f(r) = -g(r) - 5*t(r). What is the units digit of f(-7)?
7
What is the tens digit of (-4)/6 + (-167972)/(-84)?
9
Let s(n) be the third derivative of -n**4/24 + 5*n**3/6 + n**2. Let a be s(-10). Suppose -5*p + 5*y = -a, 0 = -5*p + y - 0*y + 35. What is the units digit of p?
8
Let w = 22 - 14. Let y be (-2 + 0)*38/(-4). Let k = y - w. What is the units digit of k?
1
Let n = -13 - -16. Suppose -m + 3 = 2*m + n*f, 5 = m - f. Suppose m*h = 19 + 44. What is the tens digit of h?
2
Let